{"id":754,"date":"2026-03-10T12:04:50","date_gmt":"2026-03-10T12:04:50","guid":{"rendered":"https:\/\/lottus.cl\/?page_id=754"},"modified":"2026-04-17T18:15:13","modified_gmt":"2026-04-17T18:15:13","slug":"noticias","status":"publish","type":"page","link":"https:\/\/lottus.cl\/index.php\/noticias\/","title":{"rendered":"Noticias"},"content":{"rendered":"\n<div class=\"wp-block-group is-vertical is-content-justification-stretch is-layout-flex wp-container-core-group-is-layout-01958d0b wp-block-group-is-layout-flex has-background\" style=\"border-top-left-radius:28px;border-top-right-radius:28px;border-bottom-left-radius:28px;border-bottom-right-radius:28px;margin-top:var(--wp--preset--spacing--50);margin-bottom:var(--wp--preset--spacing--50);padding-top:var(--wp--preset--spacing--20);padding-right:var(--wp--preset--spacing--50);padding-bottom:var(--wp--preset--spacing--20);padding-left:var(--wp--preset--spacing--50);background-image:url(&apos;https:\/\/lottus.cl\/wp-content\/uploads\/2026\/04\/Fondo.png&apos;);background-size:cover;\"><ul style=\"padding-top:0;padding-bottom:0;margin-top:var(--wp--preset--spacing--80);margin-bottom:var(--wp--preset--spacing--80);\" class=\"wp-block-latest-posts__list has-dates has-link-color wp-elements-2eb62336fac63404f1e76906bff52525 wp-block-latest-posts has-text-color has-gray-color wp-container-content-16d1eb73\"><li><div class=\"wp-block-latest-posts__featured-image alignleft\"><a href=\"https:\/\/lottus.cl\/index.php\/2026\/03\/09\/noticia-5\/\" aria-label=\"noticia 5\"><img loading=\"lazy\" decoding=\"async\" width=\"150\" height=\"150\" src=\"https:\/\/lottus.cl\/wp-content\/uploads\/2025\/06\/portafolio-5_fondo-palomitas-150x150.png\" class=\"attachment-thumbnail size-thumbnail wp-post-image\" alt=\"\" style=\"\" \/><\/a><\/div><a class=\"wp-block-latest-posts__post-title\" href=\"https:\/\/lottus.cl\/index.php\/2026\/03\/09\/noticia-5\/\">noticia 5<\/a><time datetime=\"2026-03-09T19:41:42+00:00\" class=\"wp-block-latest-posts__post-date\">marzo 9, 2026<\/time><\/li>\n<li><div class=\"wp-block-latest-posts__featured-image alignleft\"><a href=\"https:\/\/lottus.cl\/index.php\/2026\/03\/09\/noticia-4\/\" aria-label=\"Noticia 4\"><img loading=\"lazy\" decoding=\"async\" width=\"150\" height=\"150\" src=\"https:\/\/lottus.cl\/wp-content\/uploads\/2025\/06\/viva-luna-studios-y3qrbAgm7q8-unsplash-150x150.jpg\" class=\"attachment-thumbnail size-thumbnail wp-post-image\" alt=\"\" style=\"\" \/><\/a><\/div><a class=\"wp-block-latest-posts__post-title\" href=\"https:\/\/lottus.cl\/index.php\/2026\/03\/09\/noticia-4\/\">Noticia 4<\/a><time datetime=\"2026-03-09T17:52:40+00:00\" class=\"wp-block-latest-posts__post-date\">marzo 9, 2026<\/time><\/li>\n<li><div class=\"wp-block-latest-posts__featured-image alignleft\"><a href=\"https:\/\/lottus.cl\/index.php\/2026\/03\/09\/noticia-3\/\" aria-label=\"Noticia 3\"><img loading=\"lazy\" decoding=\"async\" width=\"150\" height=\"150\" src=\"https:\/\/lottus.cl\/wp-content\/uploads\/2026\/03\/documental-the-last-tepui-creditos-ryan-valasek-de-national-geographic-1024x575-1-150x150.png\" class=\"attachment-thumbnail size-thumbnail wp-post-image\" alt=\"\" style=\"\" \/><\/a><\/div><a class=\"wp-block-latest-posts__post-title\" href=\"https:\/\/lottus.cl\/index.php\/2026\/03\/09\/noticia-3\/\">Noticia 3<\/a><time datetime=\"2026-03-09T15:10:00+00:00\" class=\"wp-block-latest-posts__post-date\">marzo 9, 2026<\/time><\/li>\n<li><div class=\"wp-block-latest-posts__featured-image alignleft\"><a href=\"https:\/\/lottus.cl\/index.php\/2026\/03\/09\/noticia-2\/\" aria-label=\"Noticia 2\"><img loading=\"lazy\" decoding=\"async\" width=\"150\" height=\"150\" src=\"https:\/\/lottus.cl\/wp-content\/uploads\/2025\/06\/portafolioportada-150x150.png\" class=\"attachment-thumbnail size-thumbnail wp-post-image\" alt=\"\" style=\"\" \/><\/a><\/div><a class=\"wp-block-latest-posts__post-title\" href=\"https:\/\/lottus.cl\/index.php\/2026\/03\/09\/noticia-2\/\">Noticia 2<\/a><time datetime=\"2026-03-09T13:24:39+00:00\" class=\"wp-block-latest-posts__post-date\">marzo 9, 2026<\/time><\/li>\n<li><div class=\"wp-block-latest-posts__featured-image alignleft\"><a href=\"https:\/\/lottus.cl\/index.php\/2026\/03\/04\/noticia-1\/\" aria-label=\"Noifsdifsl\"><img loading=\"lazy\" decoding=\"async\" width=\"150\" height=\"150\" src=\"https:\/\/lottus.cl\/wp-content\/uploads\/2025\/06\/Portafolio-3-150x150.png\" class=\"attachment-thumbnail size-thumbnail wp-post-image\" alt=\"\" style=\"\" \/><\/a><\/div><a class=\"wp-block-latest-posts__post-title\" href=\"https:\/\/lottus.cl\/index.php\/2026\/03\/04\/noticia-1\/\">Noifsdifsl<\/a><time datetime=\"2026-03-04T15:39:02+00:00\" class=\"wp-block-latest-posts__post-date\">marzo 4, 2026<\/time><\/li>\n<\/ul><\/div>\n","protected":false},"excerpt":{"rendered":"","protected":false},"author":1,"featured_media":0,"parent":0,"menu_order":0,"comment_status":"closed","ping_status":"closed","template":"","meta":{"footnotes":""},"class_list":["post-754","page","type-page","status-publish","hentry"],"magazineBlocksPostFeaturedMedia":{"thumbnail":false,"medium":false,"medium_large":false,"large":false,"1536x1536":false,"2048x2048":false},"magazineBlocksPostAuthor":{"name":"admin","avatar":"https:\/\/secure.gravatar.com\/avatar\/870d20dbaaaeb793e17959e929b3eac14fb7b3790ad428e80c3746fee7d1784b?s=96&d=mm&r=g"},"magazineBlocksPostCommentsNumber":false,"magazineBlocksPostExcerpt":"","magazineBlocksPostCategories":[],"magazineBlocksPostViewCount":0,"magazineBlocksPostReadTime":0,"yoast_head":"<!-- This site is optimized with the Yoast SEO plugin v27.2 - https:\/\/yoast.com\/product\/yoast-seo-wordpress\/ -->\n<title>Noticias - Radio UTARAPACA<\/title>\n<meta name=\"robots\" content=\"index, follow, max-snippet:-1, max-image-preview:large, max-video-preview:-1\" \/>\n<link rel=\"canonical\" href=\"https:\/\/lottus.cl\/index.php\/noticias\/\" \/>\n<meta property=\"og:locale\" content=\"es_ES\" \/>\n<meta property=\"og:type\" content=\"article\" \/>\n<meta property=\"og:title\" content=\"Noticias - Radio UTARAPACA\" \/>\n<meta property=\"og:url\" content=\"https:\/\/lottus.cl\/index.php\/noticias\/\" \/>\n<meta property=\"og:site_name\" content=\"Radio UTARAPACA\" \/>\n<meta property=\"article:modified_time\" content=\"2026-04-17T18:15:13+00:00\" \/>\n<meta name=\"twitter:card\" content=\"summary_large_image\" \/>\n<script type=\"application\/ld+json\" class=\"yoast-schema-graph\">{\"@context\":\"https:\/\/schema.org\",\"@graph\":[{\"@type\":\"WebPage\",\"@id\":\"https:\/\/lottus.cl\/index.php\/noticias\/\",\"url\":\"https:\/\/lottus.cl\/index.php\/noticias\/\",\"name\":\"Noticias - Radio UTARAPACA\",\"isPartOf\":{\"@id\":\"https:\/\/lottus.cl\/#website\"},\"datePublished\":\"2026-03-10T12:04:50+00:00\",\"dateModified\":\"2026-04-17T18:15:13+00:00\",\"breadcrumb\":{\"@id\":\"https:\/\/lottus.cl\/index.php\/noticias\/#breadcrumb\"},\"inLanguage\":\"es\",\"potentialAction\":[{\"@type\":\"ReadAction\",\"target\":[\"https:\/\/lottus.cl\/index.php\/noticias\/\"]}]},{\"@type\":\"BreadcrumbList\",\"@id\":\"https:\/\/lottus.cl\/index.php\/noticias\/#breadcrumb\",\"itemListElement\":[{\"@type\":\"ListItem\",\"position\":1,\"name\":\"Portada\",\"item\":\"https:\/\/lottus.cl\/\"},{\"@type\":\"ListItem\",\"position\":2,\"name\":\"Noticias\"}]},{\"@type\":\"WebSite\",\"@id\":\"https:\/\/lottus.cl\/#website\",\"url\":\"https:\/\/lottus.cl\/\",\"name\":\"Radio UTARAPACA\",\"description\":\"XX A\u00f1os acompa\u00f1\u00e1ndote\",\"publisher\":{\"@id\":\"https:\/\/lottus.cl\/#organization\"},\"potentialAction\":[{\"@type\":\"SearchAction\",\"target\":{\"@type\":\"EntryPoint\",\"urlTemplate\":\"https:\/\/lottus.cl\/?s={search_term_string}\"},\"query-input\":{\"@type\":\"PropertyValueSpecification\",\"valueRequired\":true,\"valueName\":\"search_term_string\"}}],\"inLanguage\":\"es\"},{\"@type\":\"Organization\",\"@id\":\"https:\/\/lottus.cl\/#organization\",\"name\":\"Radio UTARAPACA\",\"url\":\"https:\/\/lottus.cl\/\",\"logo\":{\"@type\":\"ImageObject\",\"inLanguage\":\"es\",\"@id\":\"https:\/\/lottus.cl\/#\/schema\/logo\/image\/\",\"url\":\"https:\/\/lottus.cl\/wp-content\/uploads\/2026\/04\/UTA_95.9Fm.png\",\"contentUrl\":\"https:\/\/lottus.cl\/wp-content\/uploads\/2026\/04\/UTA_95.9Fm.png\",\"width\":1662,\"height\":529,\"caption\":\"Radio UTARAPACA\"},\"image\":{\"@id\":\"https:\/\/lottus.cl\/#\/schema\/logo\/image\/\"}}]}<\/script>\n<!-- \/ Yoast SEO plugin. -->","yoast_head_json":{"title":"Noticias - Radio UTARAPACA","robots":{"index":"index","follow":"follow","max-snippet":"max-snippet:-1","max-image-preview":"max-image-preview:large","max-video-preview":"max-video-preview:-1"},"canonical":"https:\/\/lottus.cl\/index.php\/noticias\/","og_locale":"es_ES","og_type":"article","og_title":"Noticias - Radio UTARAPACA","og_url":"https:\/\/lottus.cl\/index.php\/noticias\/","og_site_name":"Radio UTARAPACA","article_modified_time":"2026-04-17T18:15:13+00:00","twitter_card":"summary_large_image","schema":{"@context":"https:\/\/schema.org","@graph":[{"@type":"WebPage","@id":"https:\/\/lottus.cl\/index.php\/noticias\/","url":"https:\/\/lottus.cl\/index.php\/noticias\/","name":"Noticias - Radio UTARAPACA","isPartOf":{"@id":"https:\/\/lottus.cl\/#website"},"datePublished":"2026-03-10T12:04:50+00:00","dateModified":"2026-04-17T18:15:13+00:00","breadcrumb":{"@id":"https:\/\/lottus.cl\/index.php\/noticias\/#breadcrumb"},"inLanguage":"es","potentialAction":[{"@type":"ReadAction","target":["https:\/\/lottus.cl\/index.php\/noticias\/"]}]},{"@type":"BreadcrumbList","@id":"https:\/\/lottus.cl\/index.php\/noticias\/#breadcrumb","itemListElement":[{"@type":"ListItem","position":1,"name":"Portada","item":"https:\/\/lottus.cl\/"},{"@type":"ListItem","position":2,"name":"Noticias"}]},{"@type":"WebSite","@id":"https:\/\/lottus.cl\/#website","url":"https:\/\/lottus.cl\/","name":"Radio UTARAPACA","description":"XX A\u00f1os acompa\u00f1\u00e1ndote","publisher":{"@id":"https:\/\/lottus.cl\/#organization"},"potentialAction":[{"@type":"SearchAction","target":{"@type":"EntryPoint","urlTemplate":"https:\/\/lottus.cl\/?s={search_term_string}"},"query-input":{"@type":"PropertyValueSpecification","valueRequired":true,"valueName":"search_term_string"}}],"inLanguage":"es"},{"@type":"Organization","@id":"https:\/\/lottus.cl\/#organization","name":"Radio UTARAPACA","url":"https:\/\/lottus.cl\/","logo":{"@type":"ImageObject","inLanguage":"es","@id":"https:\/\/lottus.cl\/#\/schema\/logo\/image\/","url":"https:\/\/lottus.cl\/wp-content\/uploads\/2026\/04\/UTA_95.9Fm.png","contentUrl":"https:\/\/lottus.cl\/wp-content\/uploads\/2026\/04\/UTA_95.9Fm.png","width":1662,"height":529,"caption":"Radio UTARAPACA"},"image":{"@id":"https:\/\/lottus.cl\/#\/schema\/logo\/image\/"}}]}},"_links":{"self":[{"href":"https:\/\/lottus.cl\/index.php\/wp-json\/wp\/v2\/pages\/754","targetHints":{"allow":["GET"]}}],"collection":[{"href":"https:\/\/lottus.cl\/index.php\/wp-json\/wp\/v2\/pages"}],"about":[{"href":"https:\/\/lottus.cl\/index.php\/wp-json\/wp\/v2\/types\/page"}],"author":[{"embeddable":true,"href":"https:\/\/lottus.cl\/index.php\/wp-json\/wp\/v2\/users\/1"}],"replies":[{"embeddable":true,"href":"https:\/\/lottus.cl\/index.php\/wp-json\/wp\/v2\/comments?post=754"}],"version-history":[{"count":20,"href":"https:\/\/lottus.cl\/index.php\/wp-json\/wp\/v2\/pages\/754\/revisions"}],"predecessor-version":[{"id":1371,"href":"https:\/\/lottus.cl\/index.php\/wp-json\/wp\/v2\/pages\/754\/revisions\/1371"}],"wp:attachment":[{"href":"https:\/\/lottus.cl\/index.php\/wp-json\/wp\/v2\/media?parent=754"}],"curies":[{"name":"wp","href":"https:\/\/api.w.org\/{rel}","templated":true}]}}