{"id":1401,"date":"2026-04-20T16:29:09","date_gmt":"2026-04-20T16:29:09","guid":{"rendered":"https:\/\/lottus.cl\/?page_id=1401"},"modified":"2026-04-20T16:33:42","modified_gmt":"2026-04-20T16:33:42","slug":"1401-2","status":"publish","type":"page","link":"https:\/\/lottus.cl\/index.php\/1401-2\/","title":{"rendered":""},"content":{"rendered":"\n<h1 class=\"wp-block-heading\">Sobre la Radio<\/h1>\n\n\n\n<div class=\"wp-block-group is-vertical is-content-justification-center is-layout-flex wp-container-core-group-is-layout-bc07c4df wp-block-group-is-layout-flex has-background\" style=\"border-top-left-radius:13px;border-top-right-radius:13px;border-bottom-left-radius:13px;border-bottom-right-radius:13px;padding-top:var(--wp--preset--spacing--50);padding-right:var(--wp--preset--spacing--50);padding-bottom:var(--wp--preset--spacing--50);padding-left:var(--wp--preset--spacing--50);background-image:url(&apos;https:\/\/lottus.cl\/wp-content\/uploads\/2026\/04\/Fondo.png&apos;);background-size:cover;\">\n<figure class=\"wp-block-image size-full has-custom-border\"><img loading=\"lazy\" decoding=\"async\" width=\"1024\" height=\"697\" src=\"https:\/\/lottus.cl\/wp-content\/uploads\/2026\/04\/image.png\" alt=\"\" class=\"wp-image-1402\" style=\"border-top-left-radius:13px;border-top-right-radius:13px;border-bottom-left-radius:13px;border-bottom-right-radius:13px\" srcset=\"https:\/\/lottus.cl\/wp-content\/uploads\/2026\/04\/image.png 1024w, https:\/\/lottus.cl\/wp-content\/uploads\/2026\/04\/image-300x204.png 300w, https:\/\/lottus.cl\/wp-content\/uploads\/2026\/04\/image-768x523.png 768w\" sizes=\"auto, (max-width: 1024px) 100vw, 1024px\" \/><\/figure>\n\n\n\n<p class=\"has-text-color has-gray-background-color has-background has-link-color wp-elements-c69ddc64ceaf613866dad657388eb6b8\" style=\"border-top-left-radius:13px;border-top-right-radius:13px;border-bottom-left-radius:13px;border-bottom-right-radius:13px;margin-top:var(--wp--preset--spacing--30);margin-bottom:var(--wp--preset--spacing--30)\">Desde su nacimiento el 16 de abril de 1968, la Radio Universidad de Tarapac\u00e1 FM 95.9 ha sido un referente de comunicaci\u00f3n confiable, comprometida con la comunidad y fiel a los principios acad\u00e9micos y humanistas de nuestra casa de estudios. Nuestro primer paso al aire fue gracias al esfuerzo conjunto de estudiantes y acad\u00e9micos del entonces Departamento de Electr\u00f3nica de la Universidad del Norte, quienes construyeron artesanalmente un transmisor en sus propios laboratorios. As\u00ed, desde un peque\u00f1o espacio en la Casa de la Cultura \u2014ubicada en la intersecci\u00f3n de las calles General Lagos y Chacabuco, hoy Parque Carlos Ib\u00e1\u00f1ez\u2014, naci\u00f3 una voz que con el tiempo se convertir\u00eda en un pilar cultural e informativo para la ciudad de Arica y la regi\u00f3n. En 1982, con la fusi\u00f3n de la sede de la Universidad del Norte y el Instituto Profesional de Arica, se constituy\u00f3 oficialmente la Universidad de Tarapac\u00e1, heredando, entre otros activos, esta querida estaci\u00f3n radial. Desde entonces, Radio Universidad ha mantenido viva su misi\u00f3n de informar con rigor, entretener con calidad y promover la cultura, el conocimiento y<em>&nbsp;<\/em>los valores universitarios. Hoy, con m\u00e1s de 55 a\u00f1os de trayectoria, somos la \u00fanica emisora local con una historia continua y sostenida en el tiempo. Mientras otras estaciones han desaparecido, nuestra voz persiste, guiada por los principios de veracidad, respeto, responsabilidad social y amor por el pr\u00f3jimo \u2014valores que definen la raz\u00f3n de ser de la Universidad de Tarapac\u00e1. Nuestro p\u00fablico principal est\u00e1 compuesto por tomadores de decisiones del \u00e1mbito empresarial y p\u00fablico, as\u00ed como por padres y apoderados de estudiantes actuales y futuros de nuestra universidad. Por ello, orientamos nuestra programaci\u00f3n a hombres y mujeres entre 40 y 60 a\u00f1os, pertenecientes a los segmentos socioecon\u00f3micos ABC1 y C2, ofreciendo contenidos relevantes, reflexivos y enriquecedores, siempre con un enfoque humano y cultural. En Radio Universidad de Tarapac\u00e1 no solo transmitimos sonidos: construimos comunidad, compartimos conocimiento y tejemos lazos con quienes creen, como nosotros, en una comunicaci\u00f3n al servicio del desarrollo integral del ser humano y su entorno.<\/p>\n<\/div>\n","protected":false},"excerpt":{"rendered":"<p>Sobre la Radio Desde su nacimiento el 16 de abril de 1968, la Radio Universidad de Tarapac\u00e1 FM 95.9 ha sido un referente de comunicaci\u00f3n confiable, comprometida con la comunidad y fiel a los principios acad\u00e9micos y humanistas de nuestra casa de estudios. Nuestro primer paso al aire fue gracias al esfuerzo conjunto de estudiantes [&hellip;]<\/p>\n","protected":false},"author":1,"featured_media":0,"parent":0,"menu_order":0,"comment_status":"closed","ping_status":"closed","template":"","meta":{"footnotes":""},"class_list":["post-1401","page","type-page","status-publish","hentry"],"magazineBlocksPostFeaturedMedia":{"thumbnail":false,"medium":false,"medium_large":false,"large":false,"1536x1536":false,"2048x2048":false},"magazineBlocksPostAuthor":{"name":"admin","avatar":"https:\/\/secure.gravatar.com\/avatar\/870d20dbaaaeb793e17959e929b3eac14fb7b3790ad428e80c3746fee7d1784b?s=96&d=mm&r=g"},"magazineBlocksPostCommentsNumber":false,"magazineBlocksPostExcerpt":"Sobre la Radio Desde su nacimiento el 16 de abril de 1968, la Radio Universidad de Tarapac\u00e1 FM 95.9 ha sido un referente de comunicaci\u00f3n confiable, comprometida con la comunidad y fiel a los principios acad\u00e9micos y humanistas de nuestra casa de estudios. Nuestro primer paso al aire fue gracias al esfuerzo conjunto de estudiantes [&hellip;]","magazineBlocksPostCategories":[],"magazineBlocksPostViewCount":0,"magazineBlocksPostReadTime":2,"yoast_head":"<!-- This site is optimized with the Yoast SEO plugin v27.2 - https:\/\/yoast.com\/product\/yoast-seo-wordpress\/ -->\n<title>- Radio UTARAPACA<\/title>\n<meta name=\"robots\" content=\"index, follow, max-snippet:-1, max-image-preview:large, max-video-preview:-1\" \/>\n<link rel=\"canonical\" href=\"https:\/\/lottus.cl\/index.php\/1401-2\/\" \/>\n<meta property=\"og:locale\" content=\"es_ES\" \/>\n<meta property=\"og:type\" content=\"article\" \/>\n<meta property=\"og:title\" content=\"- Radio UTARAPACA\" \/>\n<meta property=\"og:description\" content=\"Sobre la Radio Desde su nacimiento el 16 de abril de 1968, la Radio Universidad de Tarapac\u00e1 FM 95.9 ha sido un referente de comunicaci\u00f3n confiable, comprometida con la comunidad y fiel a los principios acad\u00e9micos y humanistas de nuestra casa de estudios. Nuestro primer paso al aire fue gracias al esfuerzo conjunto de estudiantes [&hellip;]\" \/>\n<meta property=\"og:url\" content=\"https:\/\/lottus.cl\/index.php\/1401-2\/\" \/>\n<meta property=\"og:site_name\" content=\"Radio UTARAPACA\" \/>\n<meta property=\"article:modified_time\" content=\"2026-04-20T16:33:42+00:00\" \/>\n<meta property=\"og:image\" content=\"https:\/\/lottus.cl\/wp-content\/uploads\/2026\/04\/image.png\" \/>\n\t<meta property=\"og:image:width\" content=\"1024\" \/>\n\t<meta property=\"og:image:height\" content=\"697\" \/>\n\t<meta property=\"og:image:type\" content=\"image\/png\" \/>\n<meta name=\"twitter:card\" content=\"summary_large_image\" \/>\n<meta name=\"twitter:label1\" content=\"Tiempo de lectura\" \/>\n\t<meta name=\"twitter:data1\" content=\"2 minutos\" \/>\n<script type=\"application\/ld+json\" class=\"yoast-schema-graph\">{\"@context\":\"https:\/\/schema.org\",\"@graph\":[{\"@type\":\"WebPage\",\"@id\":\"https:\/\/lottus.cl\/index.php\/1401-2\/\",\"url\":\"https:\/\/lottus.cl\/index.php\/1401-2\/\",\"name\":\"- Radio UTARAPACA\",\"isPartOf\":{\"@id\":\"https:\/\/lottus.cl\/#website\"},\"primaryImageOfPage\":{\"@id\":\"https:\/\/lottus.cl\/index.php\/1401-2\/#primaryimage\"},\"image\":{\"@id\":\"https:\/\/lottus.cl\/index.php\/1401-2\/#primaryimage\"},\"thumbnailUrl\":\"https:\/\/lottus.cl\/wp-content\/uploads\/2026\/04\/image.png\",\"datePublished\":\"2026-04-20T16:29:09+00:00\",\"dateModified\":\"2026-04-20T16:33:42+00:00\",\"inLanguage\":\"es\",\"potentialAction\":[{\"@type\":\"ReadAction\",\"target\":[\"https:\/\/lottus.cl\/index.php\/1401-2\/\"]}]},{\"@type\":\"ImageObject\",\"inLanguage\":\"es\",\"@id\":\"https:\/\/lottus.cl\/index.php\/1401-2\/#primaryimage\",\"url\":\"https:\/\/lottus.cl\/wp-content\/uploads\/2026\/04\/image.png\",\"contentUrl\":\"https:\/\/lottus.cl\/wp-content\/uploads\/2026\/04\/image.png\",\"width\":1024,\"height\":697},{\"@type\":\"WebSite\",\"@id\":\"https:\/\/lottus.cl\/#website\",\"url\":\"https:\/\/lottus.cl\/\",\"name\":\"Radio UTARAPACA\",\"description\":\"XX A\u00f1os acompa\u00f1\u00e1ndote\",\"publisher\":{\"@id\":\"https:\/\/lottus.cl\/#organization\"},\"potentialAction\":[{\"@type\":\"SearchAction\",\"target\":{\"@type\":\"EntryPoint\",\"urlTemplate\":\"https:\/\/lottus.cl\/?s={search_term_string}\"},\"query-input\":{\"@type\":\"PropertyValueSpecification\",\"valueRequired\":true,\"valueName\":\"search_term_string\"}}],\"inLanguage\":\"es\"},{\"@type\":\"Organization\",\"@id\":\"https:\/\/lottus.cl\/#organization\",\"name\":\"Radio UTARAPACA\",\"url\":\"https:\/\/lottus.cl\/\",\"logo\":{\"@type\":\"ImageObject\",\"inLanguage\":\"es\",\"@id\":\"https:\/\/lottus.cl\/#\/schema\/logo\/image\/\",\"url\":\"https:\/\/lottus.cl\/wp-content\/uploads\/2026\/04\/UTA_95.9Fm.png\",\"contentUrl\":\"https:\/\/lottus.cl\/wp-content\/uploads\/2026\/04\/UTA_95.9Fm.png\",\"width\":1662,\"height\":529,\"caption\":\"Radio UTARAPACA\"},\"image\":{\"@id\":\"https:\/\/lottus.cl\/#\/schema\/logo\/image\/\"}}]}<\/script>\n<!-- \/ Yoast SEO plugin. -->","yoast_head_json":{"title":"- Radio UTARAPACA","robots":{"index":"index","follow":"follow","max-snippet":"max-snippet:-1","max-image-preview":"max-image-preview:large","max-video-preview":"max-video-preview:-1"},"canonical":"https:\/\/lottus.cl\/index.php\/1401-2\/","og_locale":"es_ES","og_type":"article","og_title":"- Radio UTARAPACA","og_description":"Sobre la Radio Desde su nacimiento el 16 de abril de 1968, la Radio Universidad de Tarapac\u00e1 FM 95.9 ha sido un referente de comunicaci\u00f3n confiable, comprometida con la comunidad y fiel a los principios acad\u00e9micos y humanistas de nuestra casa de estudios. Nuestro primer paso al aire fue gracias al esfuerzo conjunto de estudiantes [&hellip;]","og_url":"https:\/\/lottus.cl\/index.php\/1401-2\/","og_site_name":"Radio UTARAPACA","article_modified_time":"2026-04-20T16:33:42+00:00","og_image":[{"width":1024,"height":697,"url":"https:\/\/lottus.cl\/wp-content\/uploads\/2026\/04\/image.png","type":"image\/png"}],"twitter_card":"summary_large_image","twitter_misc":{"Tiempo de lectura":"2 minutos"},"schema":{"@context":"https:\/\/schema.org","@graph":[{"@type":"WebPage","@id":"https:\/\/lottus.cl\/index.php\/1401-2\/","url":"https:\/\/lottus.cl\/index.php\/1401-2\/","name":"- Radio UTARAPACA","isPartOf":{"@id":"https:\/\/lottus.cl\/#website"},"primaryImageOfPage":{"@id":"https:\/\/lottus.cl\/index.php\/1401-2\/#primaryimage"},"image":{"@id":"https:\/\/lottus.cl\/index.php\/1401-2\/#primaryimage"},"thumbnailUrl":"https:\/\/lottus.cl\/wp-content\/uploads\/2026\/04\/image.png","datePublished":"2026-04-20T16:29:09+00:00","dateModified":"2026-04-20T16:33:42+00:00","inLanguage":"es","potentialAction":[{"@type":"ReadAction","target":["https:\/\/lottus.cl\/index.php\/1401-2\/"]}]},{"@type":"ImageObject","inLanguage":"es","@id":"https:\/\/lottus.cl\/index.php\/1401-2\/#primaryimage","url":"https:\/\/lottus.cl\/wp-content\/uploads\/2026\/04\/image.png","contentUrl":"https:\/\/lottus.cl\/wp-content\/uploads\/2026\/04\/image.png","width":1024,"height":697},{"@type":"WebSite","@id":"https:\/\/lottus.cl\/#website","url":"https:\/\/lottus.cl\/","name":"Radio UTARAPACA","description":"XX A\u00f1os acompa\u00f1\u00e1ndote","publisher":{"@id":"https:\/\/lottus.cl\/#organization"},"potentialAction":[{"@type":"SearchAction","target":{"@type":"EntryPoint","urlTemplate":"https:\/\/lottus.cl\/?s={search_term_string}"},"query-input":{"@type":"PropertyValueSpecification","valueRequired":true,"valueName":"search_term_string"}}],"inLanguage":"es"},{"@type":"Organization","@id":"https:\/\/lottus.cl\/#organization","name":"Radio UTARAPACA","url":"https:\/\/lottus.cl\/","logo":{"@type":"ImageObject","inLanguage":"es","@id":"https:\/\/lottus.cl\/#\/schema\/logo\/image\/","url":"https:\/\/lottus.cl\/wp-content\/uploads\/2026\/04\/UTA_95.9Fm.png","contentUrl":"https:\/\/lottus.cl\/wp-content\/uploads\/2026\/04\/UTA_95.9Fm.png","width":1662,"height":529,"caption":"Radio UTARAPACA"},"image":{"@id":"https:\/\/lottus.cl\/#\/schema\/logo\/image\/"}}]}},"_links":{"self":[{"href":"https:\/\/lottus.cl\/index.php\/wp-json\/wp\/v2\/pages\/1401","targetHints":{"allow":["GET"]}}],"collection":[{"href":"https:\/\/lottus.cl\/index.php\/wp-json\/wp\/v2\/pages"}],"about":[{"href":"https:\/\/lottus.cl\/index.php\/wp-json\/wp\/v2\/types\/page"}],"author":[{"embeddable":true,"href":"https:\/\/lottus.cl\/index.php\/wp-json\/wp\/v2\/users\/1"}],"replies":[{"embeddable":true,"href":"https:\/\/lottus.cl\/index.php\/wp-json\/wp\/v2\/comments?post=1401"}],"version-history":[{"count":4,"href":"https:\/\/lottus.cl\/index.php\/wp-json\/wp\/v2\/pages\/1401\/revisions"}],"predecessor-version":[{"id":1407,"href":"https:\/\/lottus.cl\/index.php\/wp-json\/wp\/v2\/pages\/1401\/revisions\/1407"}],"wp:attachment":[{"href":"https:\/\/lottus.cl\/index.php\/wp-json\/wp\/v2\/media?parent=1401"}],"curies":[{"name":"wp","href":"https:\/\/api.w.org\/{rel}","templated":true}]}}